when 77882536 is divided by 157?
17
Calculate the remainder when 2322841 is divided by 774225.
166
Calculate the remainder when 20836088 is divided by 372.
368
What is the remainder when 27827978 is divided by 2427?
2423
Calculate the remainder when 6869340 is divided by 58712.
36
What is the remainder when 10375250 is divided by 33?
17
Calculate the remainder when 1718099 is divided by 283.
6
What is the remainder when 81517341 is divided by 27?
21
What is the remainder when 437480 is divided by 1202?
1154
What is the remainder when 65237092 is divided by 55?
52
Calculate the remainder when 396305 is divided by 79012.
1245
Calculate the remainder when 19667068 is divided by 10.
8
Calculate the remainder when 20286276 is divided by 10.
6
What is the remainder when 3052376 is divided by 925?
801
Calculate the remainder when 42935 is divided by 1832.
799
What is the remainder when 116814 is divided by 4660?
314
What is the remainder when 319669 is divided by 9975?
469
Calculate the remainder when 40104 is divided by 1164.
528
Calculate the remainder when 2778604 is divided by 295.
294
What is the remainder when 13785136 is divided by 251?
216
Calculate the remainder when 225778756 is divided by 32254107.
7
Calculate the remainder when 102373973 is divided by 2832.
5
What is the remainder when 354066 is divided by 19664?
114
Calculate the remainder when 5522375 is divided by 36572.
3
Calculate the remainder when 14256413 is divided by 3702.
11
What is the remainder when 1218748 is divided by 118?
44
Calculate the remainder when 1791877 is divided by 358374.
7
What is the remainder when 12604 is divided by 355?
179
What is the remainder when 21620555 is divided by 657?
656
Calculate the remainder when 19117231 is divided by 100090.
41
Calculate the remainder when 9003505 is divided by 1537.
1296
Calculate the remainder when 10893180 is divided by 138.
12
What is the remainder when 94076751 is divided by 836?
835
Calculate the remainder when 60467660 is divided by 30233829.
2
Calculate the remainder when 548567 is divided by 615.
602
Calculate the remainder when 555348 is divided by 657.
183
What is the remainder when 7412 is divided by 1488?
1460
What is the remainder when 4761315 is divided by 28?
27
What is the remainder when 2860466 is divided by 4873?
15
Calculate the remainder when 24324983 is divided by 164.
11
Calculate the remainder when 1494510 is divided by 1494110.
400
What is the remainder when 1552 is divided by 940?
612
Calculate the remainder when 90170 is divided by 853.
605
Calculate the remainder when 1062138 is divided by 1062046.
92
Calculate the remainder when 81502 is divided by 4068.
142
Calculate the remainder when 2181 is divided by 434.
11
Calculate the remainder when 245948109 is divided by 35.
29
Calculate the remainder when 23700396 is divided by 36.
12
Calculate the remainder when 1418442 is divided by 2949.
2922
What is the remainder when 238869 is divided by 244?
237
What is the remainder when 1455225 is divided by 994?
9
What is the remainder when 87015 is divided by 21590?
655
Calculate the remainder when 9988 is divided by 153.
43
What is the remainder when 1582633 is divided by 1331?
74
Calculate the remainder when 98975 is divided by 80.
15
Calculate the remainder when 44329676 is divided by 14776533.
77
What is the remainder when 551573 is divided by 16221?
59
Calculate the remainder when 2379783 is divided by 1189888.
7
Calculate the remainder when 5897191 is divided by 521.
513
Calculate the remainder when 741742 is divided by 572.
430
Calculate the remainder when 4957845 is divided by 84.
81
Calculate the remainder when 4368895 is divided by 906.
163
Calculate the remainder when 20327857 is divided by 123199.
22
Calculate the remainder when 6676213 is divided by 365.
363
What is the remainder when 1085977 is divided by 8165?
32
What is the remainder when 43416757 is divided by 111?
106
What is the remainder when 209157 is divided by 3357?
1023
Calculate the remainder when 271388 is divided by 135631.
126
What is the remainder when 5648999 is divided by 15?
14
Calculate the remainder when 3170538 is divided by 97.
93
Calculate the remainder when 579071021 is divided by 27.
23
What is the remainder when 71517160 is divided by 687665?
0
What is the remainder when 72874 is divided by 14538?
184
Calculate the remainder when 1589480 is divided by 40728.
1088
Calculate the remainder when 69873 is divided by 16.
1
Calculate the remainder when 32408 is divided by 368.
24
Calculate the remainder when 18232 is divided by 4547.
44
What is the remainder when 46703854 is divided by 6356?
6322
Calculate the remainder when 327877 is divided by 3728.
3541
Calculate the remainder when 79161 is divided by 39521.
119
What is the remainder when 669274 is divided by 108?
106
What is the remainder when 367533 is divided by 304?
301
What is the remainder when 10082192 is divided by 627?
32
What is the remainder when 3608641 is divided by 213?
208
Calculate the remainder when 21831524 is divided by 59.
49
Calculate the remainder when 3374192 is divided by 12781.
8
What is the remainder when 2426925 is divided by 2370?
45
What is the remainder when 32971 is divided by 10832?
475
Calculate the remainder when 282421 is divided by 13.
9
What is the remainder when 2833500 is divided by 5622?
12
What is the remainder when 2005878 is divided by 10?
8
What is the remainder when 656117 is divided by 470?
467
Calculate the remainder when 107648 is divided by 218.
174
Calculate the remainder when 2182569 is divided by 2483.
12
Calculate the remainder when 12726 is divided by 3320.
2766
Calculate the remainder when 63679 is divided by 63678.
1
What is the remainder when 631061 is divided by 157751?
57
Calculate the remainder when 144787 is divided by 48262.
1
What is the remainder when 5925253 is divided by 2320?
2293
What is the remainder when 34088697 is divided by 188335?
62
Calculate the remainder when 1702566 is divided by 1074.
276
Calculate the remainder when 15165374 is divided by 75.
74
What is the remainder when 191679 is divided by 242?
15
What is the remainder when 518606 is divided by 153?
89
Calculate the remainder when 1529451 is divided by 191102.
635
Calculate the remainder when 336621 is divided by 312.
285
Calculate the remainder when 4038731 is divided by 134624.
11
What is the remainder when 8478938 is divided by 153?
137
Calculate the remainder when 1354522 is divided by 8519.
1
Calculate the remainder when 233558 is divided by 174.
50
What is the remainder when 9481722 is divided by 50?
22
Calculate the remainder when 868140 is divided by 868083.
57
What is the remainder when 107097909 is divided by 6470?
6469
Calculate the remainder when 762889 is divided by 254265.
94
What is the remainder when 3617189 is divided by 28481?
102
What is the remainder when 722534 is divided by 12728?
9766
Calculate the remainder when 1055479 is divided by 204.
187
What is the remainder when 218677 is divided by 616?
613
Calculate the remainder when 773468 is divided by 386720.
28
What is the remainder when 3401470 is divided by 1032?
1030
Calculate the remainder when 3057738 is divided by 1636.
54
Calculate the remainder when 359588 is divided by 35922.
368
What is the remainder when 26195335 is divided by 418?
111
Calculate the remainder when 10254898 is divided by 173.
150
What is the remainder when 942384 is divided by 138?
120
Calculate the remainder when 94474 is divided by 4972.
6
Calculate the remainder when 1841807 is divided by 460446.
23
What is the remainder when 704127 is divided by 140536?
1447
What is the remainder when 146778611 is divided by 7212?
7199
What is the remainder when 231320 is divided by 6802?
52
What is the remainder when 1335505 is divided by 667649?
207
What is the remainder when 1144910137 is divided by 44?
41
What is the remainder when 97278751 is divided by 360?
271
What is the remainder when 4606647 is divided by 9104?
23
What is the remainder when 100729143 is divided by 42?
39
What is the remainder when 392748 is divided by 21?
6
Calculate the remainder when 145332154 is divided by 80.
74
Calculate the remainder when 67629 is divided by 2910.
699
What is the remainder when 1025525 is divided by 29